{"id":2939,"date":"2015-01-08T14:20:39","date_gmt":"2015-01-08T14:20:39","guid":{"rendered":"http:\/\/www.rd-themes.com\/TheFox\/?page_id=2939"},"modified":"2023-10-25T21:12:52","modified_gmt":"2023-10-25T21:12:52","slug":"inicio","status":"publish","type":"page","link":"https:\/\/inmepro.com\/equipos-acero-inoxidable\/","title":{"rendered":"Inicio"},"content":{"rendered":"<p>[vc_row el_class=\u00bbespaciotitulopeque\u00f1o\u00bb][vc_column][vc_column_text css=\u00bb.vc_custom_1511807276751{margin-bottom: 19px !important;}\u00bb]<\/p>\n<p class=\"titulodise\u00f1o doblespacio\" style=\"font-family: Conv_Coves Light;\">DISE\u00d1O, FABRICACI\u00d3N E INSTALACI\u00d3N DE MOBILIARIO<\/p>\n<p class=\"titulodise\u00f1o\" style=\"padding-bottom: 10px; font-family: Conv_Coves Light;\">Y EQUIPO EN ACERO INOXIDABLE<\/p>\n<p>[\/vc_column_text][vc_column_text]<\/p>\n<p class=\"textotitulo\" style=\"font-family: 'Didact Gothic'; text-align: center; font-size: 21px; margin-bottom: 3px; color: #000000;\">Empresa guatemalteca especializada en fabricaci\u00f3n de mobiliario y equipo<\/p>\n<p class=\"textotitulo\" style=\"font-family: 'Didact Gothic'; text-align: center; font-size: 21px; color: #000000;\">para la industria alimentaria, hospitalar\u00eda, arquitect\u00f3nica y agr\u00edcola<\/p>\n<p>[\/vc_column_text][\/vc_column][\/vc_row][vc_row][vc_column width=\u00bb2\/12&#8243;][\/vc_column][vc_column width=\u00bb4\/12&#8243; el_class=\u00bbseparacionimages\u00bb][vc_single_image image=\u00bb7690&#8243; img_size=\u00bbfull\u00bb alignment=\u00bbcenter\u00bb animation=\u00bbrda_bounceInLeft\u00bb css=\u00bb.vc_custom_1506099335752{margin-right: 34px !important;}\u00bb][\/vc_column][vc_column width=\u00bb4\/12&#8243;][vc_single_image image=\u00bb7691&#8243; img_size=\u00bbfull\u00bb alignment=\u00bbcenter\u00bb animation=\u00bbrda_bounceInRight\u00bb][\/vc_column][vc_column width=\u00bb2\/12&#8243;][\/vc_column][\/vc_row][vc_row type=\u00bbfull-width-content\u00bb css=\u00bb.vc_custom_1420785574920{margin-bottom: 0px;}\u00bb][vc_column][vc_single_image image=\u00bb7733&#8243; img_size=\u00bbfull\u00bb alignment=\u00bbcenter\u00bb][vc_column_text]<\/p>\n<p class=\"titulodise\u00f1o\" style=\"padding-top: 6px; padding-bottom: 17px; font-family: Conv_Coves Light;\">\u00bfQUI\u00c9NES SOMOS?<\/p>\n<p>[\/vc_column_text][\/vc_column][\/vc_row][vc_row type=\u00bbfull-width-content\u00bb css=\u00bb.vc_custom_1506094762104{margin-bottom: 0px !important;}\u00bb][vc_column][vc_single_image image=\u00bb7697&#8243; img_size=\u00bbfull\u00bb alignment=\u00bbcenter\u00bb css=\u00bb.vc_custom_1506114945567{margin-top: 20px !important;margin-right: 10px !important;margin-left: 10px !important;}\u00bb][\/vc_column][\/vc_row][vc_row css=\u00bb.vc_custom_1506099851489{padding-top: 50px !important;}\u00bb][vc_column width=\u00bb1\/3&#8243;][vc_single_image image=\u00bb7699&#8243; img_size=\u00bbfull\u00bb alignment=\u00bbcenter\u00bb][\/vc_column][vc_column width=\u00bb2\/3&#8243;][vc_column_text]<\/p>\n<p style=\"font-family: 'Didact Gothic'; color: #000000; margin-bottom: 10px; font-size: 18px; text-align: justify;\">Somos una empresa 100% guatemalteca, fundada en el a\u00f1o 1989, especializados en asesor\u00eda, dise\u00f1o, desarrollo, fabricaci\u00f3n a la medida e instalaci\u00f3n de mobiliario y equipo en\u00a0<span style=\"color: #ff0000;\">acero inoxidable.<\/span><\/p>\n<p style=\"font-family: 'Didact Gothic'; color: #000000; margin-bottom: 10px; font-size: 18px; text-align: justify;\">Nuestra trayectoria y a\u00f1os de experiencia en dise\u00f1o y fabricaci\u00f3n de equipos en acero inoxidable y soluciones integrales, nos posicionan en diferentes industrias: Industria alimentaria, en donde atendemos restaurantes, supermercados, hoteles, bares, centros de producci\u00f3n, food trucks y dem\u00e1s.<\/p>\n<p style=\"font-family: 'Didact Gothic'; color: #000000; font-size: 18px; text-align: justify;\">En INMEPRO tambi\u00e9n contamos con una l\u00ednea de mobiliario est\u00e1ndar para el equipamiento de la industria hospitalaria y farmac\u00e9utica, al igual que un amplio inventario para proyectos arquitect\u00f3nicos y agr\u00edcolas.<\/p>\n<p>[\/vc_column_text][\/vc_column][\/vc_row][vc_row type=\u00bbfull-width-content\u00bb css=\u00bb.vc_custom_1506354430352{margin-top: 25px !important;margin-bottom: 45px !important;}\u00bb][vc_column][vc_single_image image=\u00bb7733&#8243; img_size=\u00bbfull\u00bb alignment=\u00bbcenter\u00bb][\/vc_column][\/vc_row][vc_row][vc_column width=\u00bb1\/3&#8243; el_class=\u00bblineados\u00bb][vc_custom_heading text=\u00bbINSTALACIONES\u00bb font_container=\u00bbtag:h6|font_size:23px|text_align:center|color:%23000000&#8243; use_theme_fonts=\u00bbyes\u00bb el_id=\u00bbtitulofont\u00bb][vc_single_image image=\u00bb7701&#8243; img_size=\u00bbfull\u00bb alignment=\u00bbcenter\u00bb animation=\u00bbrda_bounceInLeft\u00bb][vc_column_text]<\/p>\n<p style=\"font-family: 'Didact Gothic'; font-size: 18px; color: #000000; text-align: justify;\">En INMEPRO contamos con dos modernas plantas de producci\u00f3n en la Ciudad de Guatemala, con m\u00e1s de 6400mt2 de instalaciones y un amplio inventario de materia prima de primera calidad, que nos permiten asegurar un excelente tiempo de respuesta a los requerimientos de nuestros clientes, contamos con presencia y representaciones en Centroam\u00e9rica y Panam\u00e1 lo que nos permite atender esta regi\u00f3n.<\/p>\n<p class=\"responsivelinea\" style=\"font-family: 'Didact Gothic'; font-size: 18px; color: #000000; text-align: justify;\">Adem\u00e1s INMPERO ha realizado proyectos en Belice, Rep\u00fablica Dominicana, Bolivia, Kuwait, Dub\u00e1i entre otros.<\/p>\n<p>[\/vc_column_text][\/vc_column][vc_column width=\u00bb1\/3&#8243;][vc_custom_heading text=\u00bbOBJETIVO\u00bb font_container=\u00bbtag:h6|font_size:23px|text_align:center|color:%23000000&#8243; use_theme_fonts=\u00bbyes\u00bb el_class=\u00bbespacioseparador\u00bb el_id=\u00bbtitulofont\u00bb][vc_column_text]<\/p>\n<p style=\"font-family: 'Didact Gothic'; font-size: 18px; color: #000000; text-align: justify;\">Nuestro objetivo, desarrollar una relaci\u00f3n con nuestros clientes, para entender sus necesidades individuales y satisfacer sus demandas con una inversi\u00f3n justa y competitiva, ser un proveedor confiable es nuestro compromiso.<\/p>\n<p style=\"font-family: 'Didact Gothic'; font-size: 18px; color: #000000; text-align: justify;\">Como fabricantes, garantizamos productos de vanguardia y damos soporte t\u00e9cnico a todos nuestros clientes.<\/p>\n<p>[\/vc_column_text][vc_single_image image=\u00bb7702&#8243; img_size=\u00bbfull\u00bb alignment=\u00bbcenter\u00bb animation=\u00bbrda_bounceInUp\u00bb][\/vc_column][vc_column width=\u00bb1\/3&#8243; el_class=\u00bblineauno\u00bb][vc_custom_heading text=\u00bbEQUIPO DE TRABAJO\u00bb font_container=\u00bbtag:h6|font_size:23px|text_align:center|color:%23000000&#8243; use_theme_fonts=\u00bbyes\u00bb el_class=\u00bbespacioseparador\u00bb el_id=\u00bbtitulofont\u00bb][vc_single_image image=\u00bb7703&#8243; img_size=\u00bbfull\u00bb alignment=\u00bbcenter\u00bb animation=\u00bbrda_bounceInRight\u00bb][vc_column_text]<\/p>\n<p style=\"font-family: 'Didact Gothic'; font-size: 18px; color: #000000; text-align: justify;\">Contamos con un equipo de profesionales, que podr\u00e1n asesorarle para obtener los mejores resultados a sus requerimientos.<\/p>\n<p style=\"font-family: 'Didact Gothic'; font-size: 18px; color: #000000; text-align: justify;\">Nuestro equipo de trabajo altamente calificado y capacitado junto con el cumplimiento de normas y est\u00e1ndares internacionales, y la utilizaci\u00f3n de maquinaria moderna y de alta precisi\u00f3n, procesos de mejora continua, sistemas de control de calidad, en conjunto con materias primas de primera, garantizamos la calidad y confiabilidad de nuestros productos.<\/p>\n<p>[\/vc_column_text][\/vc_column][\/vc_row][vc_row type=\u00bbfull-width-content\u00bb][vc_column][vc_single_image image=\u00bb7733&#8243; img_size=\u00bbfull\u00bb alignment=\u00bbcenter\u00bb][\/vc_column][\/vc_row][vc_row type=\u00bbfull-width-content\u00bb css=\u00bb.vc_custom_1506094762104{margin-bottom: 0px !important;}\u00bb][vc_column][rev_slider_vc alias=\u00bbiniciocotizacion\u00bb][\/vc_column][\/vc_row]<\/p>\n","protected":false},"excerpt":{"rendered":"<p>[vc_row el_class=\u00bbespaciotitulopeque\u00f1o\u00bb][vc_column][vc_column_text css=\u00bb.vc_custom_1511807276751{margin-bottom: 19px !important;}\u00bb] DISE\u00d1O, FABRICACI\u00d3N E INSTALACI\u00d3N DE MOBILIARIO Y EQUIPO EN ACERO INOXIDABLE [\/vc_column_text][vc_column_text] Empresa guatemalteca especializada en fabricaci\u00f3n de mobiliario y equipo para la industria alimentaria, hospitalar\u00eda, arquitect\u00f3nica y agr\u00edcola [\/vc_column_text][\/vc_column][\/vc_row][vc_row][vc_column width=\u00bb2\/12&#8243;][\/vc_column][vc_column width=\u00bb4\/12&#8243; el_class=\u00bbseparacionimages\u00bb][vc_single_image image=\u00bb7690&#8243; img_size=\u00bbfull\u00bb alignment=\u00bbcenter\u00bb animation=\u00bbrda_bounceInLeft\u00bb css=\u00bb.vc_custom_1506099335752{margin-right: 34px !important;}\u00bb][\/vc_column][vc_column width=\u00bb4\/12&#8243;][vc_single_image image=\u00bb7691&#8243; img_size=\u00bbfull\u00bb alignment=\u00bbcenter\u00bb animation=\u00bbrda_bounceInRight\u00bb][\/vc_column][vc_column width=\u00bb2\/12&#8243;][\/vc_column][\/vc_row][vc_row type=\u00bbfull-width-content\u00bb css=\u00bb.vc_custom_1420785574920{margin-bottom: 0px;}\u00bb][vc_column][vc_single_image image=\u00bb7733&#8243;<br \/><a href=\"https:\/\/inmepro.com\/equipos-acero-inoxidable\/\" class=\"more\">Read more<\/a><\/p>\n","protected":false},"author":1,"featured_media":0,"parent":0,"menu_order":0,"comment_status":"closed","ping_status":"closed","template":"","meta":{"_monsterinsights_skip_tracking":false,"_monsterinsights_sitenote_active":false,"_monsterinsights_sitenote_note":"","_monsterinsights_sitenote_category":0,"footnotes":""},"aioseo_notices":[],"_links":{"self":[{"href":"https:\/\/inmepro.com\/equipos-acero-inoxidable\/index.php?rest_route=\/wp\/v2\/pages\/2939"}],"collection":[{"href":"https:\/\/inmepro.com\/equipos-acero-inoxidable\/index.php?rest_route=\/wp\/v2\/pages"}],"about":[{"href":"https:\/\/inmepro.com\/equipos-acero-inoxidable\/index.php?rest_route=\/wp\/v2\/types\/page"}],"author":[{"embeddable":true,"href":"https:\/\/inmepro.com\/equipos-acero-inoxidable\/index.php?rest_route=\/wp\/v2\/users\/1"}],"replies":[{"embeddable":true,"href":"https:\/\/inmepro.com\/equipos-acero-inoxidable\/index.php?rest_route=%2Fwp%2Fv2%2Fcomments&post=2939"}],"version-history":[{"count":25,"href":"https:\/\/inmepro.com\/equipos-acero-inoxidable\/index.php?rest_route=\/wp\/v2\/pages\/2939\/revisions"}],"predecessor-version":[{"id":8359,"href":"https:\/\/inmepro.com\/equipos-acero-inoxidable\/index.php?rest_route=\/wp\/v2\/pages\/2939\/revisions\/8359"}],"wp:attachment":[{"href":"https:\/\/inmepro.com\/equipos-acero-inoxidable\/index.php?rest_route=%2Fwp%2Fv2%2Fmedia&parent=2939"}],"curies":[{"name":"wp","href":"https:\/\/api.w.org\/{rel}","templated":true}]}}